{"id":90,"date":"2019-04-28T18:56:08","date_gmt":"2019-04-28T18:56:08","guid":{"rendered":"https:\/\/zahnarzt-neukloster.de\/?page_id=90"},"modified":"2019-04-28T18:56:33","modified_gmt":"2019-04-28T18:56:33","slug":"fuellungstherapie","status":"publish","type":"page","link":"https:\/\/zahnarzt-neukloster.de\/?page_id=90","title":{"rendered":"F\u00fcllungstherapie"},"content":{"rendered":"<h2>F\u00fcllungstherapie<\/h2>\n<p>In unserer Praxis bieten wir in der F\u00fcllungstherapie das gesamte Spektrum klassischer und moderner F\u00fcllungsmaterialien.<\/p>\n<p align=\"justify\">Im Seitenzahnbereich bieten wir nach wie vor als zuzahlungsfreie Variante die altgediehnte Amalgamf\u00fcllung an. Dieses F\u00fcllungsmaterial ist langlebig. Auf Grund von Korrosion kommt es jedoch im Laufe der Zeit unvermeidlich zu einen dunklen Farbe der F\u00fcllung.<\/p>\n<h3>Amalgamalternativen<\/h3>\n<p align=\"justify\">Wird eine \u00e4sthetische zahnfarbene Versorgung gew\u00fcnscht bieten wir zwei verschiedene Materialien an:<br \/>\nKleinere Defekte k\u00f6nnen durch eine Compositf\u00fcllung (Kunststoff) fast unsichtbar verschlossen werden. Beim Legen der Kunststoff\u00fcllung ist im besonderen Ma\u00dfe auf absolute Trockenheit zu achten. Durch die aufwendige Verarbeitung ist bei der Compositf\u00fcllung eine Zuzahlung durch unsere Patienten notwendig.<br \/>\nDie hochwertigste Versorgung stellt das Inlay aus Keramik oder Gold dar. Diese Materialien sind sehr biokompatibel und bieten eine un\u00fcbertroffene Langlebigkeit. Das Inlay stellt leider keine Kassenversorgung dar, und erfordert eine Zuzahlung durch unsere Patienten.<\/p>\n<p align=\"justify\"><img loading=\"lazy\" decoding=\"async\" class=\" wp-image-91 aligncenter\" src=\"https:\/\/zahnarzt-neukloster.de\/wp-content\/uploads\/2019\/04\/Keramik-Inlay-300x225.jpg\" alt=\"\" width=\"379\" height=\"284\" srcset=\"https:\/\/zahnarzt-neukloster.de\/wp-content\/uploads\/2019\/04\/Keramik-Inlay-300x225.jpg 300w, https:\/\/zahnarzt-neukloster.de\/wp-content\/uploads\/2019\/04\/Keramik-Inlay.jpg 400w\" sizes=\"auto, (max-width: 379px) 100vw, 379px\" \/><\/p>\n","protected":false},"excerpt":{"rendered":"<p>F\u00fcllungstherapie In unserer Praxis bieten wir in der F\u00fcllungstherapie das gesamte Spektrum klassischer und moderner F\u00fcllungsmaterialien. Im Seitenzahnbereich bieten wir nach wie vor als zuzahlungsfreie Variante die altgediehnte Amalgamf\u00fcllung an. Dieses F\u00fcllungsmaterial ist langlebig. Auf Grund von Korrosion kommt es jedoch im Laufe der Zeit unvermeidlich zu einen dunklen Farbe der F\u00fcllung. Amalgamalternativen Wird eine<\/p>\n","protected":false},"author":1,"featured_media":0,"parent":73,"menu_order":0,"comment_status":"closed","ping_status":"closed","template":"","meta":{"footnotes":""},"class_list":["post-90","page","type-page","status-publish","hentry"],"_links":{"self":[{"href":"https:\/\/zahnarzt-neukloster.de\/index.php?rest_route=\/wp\/v2\/pages\/90","targetHints":{"allow":["GET"]}}],"collection":[{"href":"https:\/\/zahnarzt-neukloster.de\/index.php?rest_route=\/wp\/v2\/pages"}],"about":[{"href":"https:\/\/zahnarzt-neukloster.de\/index.php?rest_route=\/wp\/v2\/types\/page"}],"author":[{"embeddable":true,"href":"https:\/\/zahnarzt-neukloster.de\/index.php?rest_route=\/wp\/v2\/users\/1"}],"replies":[{"embeddable":true,"href":"https:\/\/zahnarzt-neukloster.de\/index.php?rest_route=%2Fwp%2Fv2%2Fcomments&post=90"}],"version-history":[{"count":3,"href":"https:\/\/zahnarzt-neukloster.de\/index.php?rest_route=\/wp\/v2\/pages\/90\/revisions"}],"predecessor-version":[{"id":94,"href":"https:\/\/zahnarzt-neukloster.de\/index.php?rest_route=\/wp\/v2\/pages\/90\/revisions\/94"}],"up":[{"embeddable":true,"href":"https:\/\/zahnarzt-neukloster.de\/index.php?rest_route=\/wp\/v2\/pages\/73"}],"wp:attachment":[{"href":"https:\/\/zahnarzt-neukloster.de\/index.php?rest_route=%2Fwp%2Fv2%2Fmedia&parent=90"}],"curies":[{"name":"wp","href":"https:\/\/api.w.org\/{rel}","templated":true}]}}