{"id":88,"date":"2019-04-28T18:49:32","date_gmt":"2019-04-28T18:49:32","guid":{"rendered":"https:\/\/zahnarzt-neukloster.de\/?page_id=88"},"modified":"2019-05-04T21:04:23","modified_gmt":"2019-05-04T21:04:23","slug":"chirurgie","status":"publish","type":"page","link":"https:\/\/zahnarzt-neukloster.de\/?page_id=88","title":{"rendered":"Chirurgie"},"content":{"rendered":"<div id=\"pl-88\"  class=\"panel-layout\" ><div id=\"pg-88-0\"  class=\"panel-grid panel-has-style\" ><div class=\"divider-no-animation panel-row-style panel-row-style-for-88-0\" ><div id=\"pgc-88-0-0\"  class=\"panel-grid-cell\" ><div id=\"panel-88-0-0-0\" class=\"so-panel widget widget_sow-editor panel-first-child\" data-index=\"0\" ><div class=\"orion panel-widget-style panel-widget-style-for-88-0-0-0\" ><div\n\t\t\t\n\t\t\tclass=\"so-widget-sow-editor so-widget-sow-editor-base\"\n\t\t\t\n\t\t>\n<div class=\"siteorigin-widget-tinymce textwidget\">\n\t<h2 class=\"western\">Zahn\u00e4rztliche Chirurgie<\/h2>\n<p>Die zahn\u00e4rztliche Chirurgie umfasst die operativen Eingriffe im zahn\u00e4rztlichen Bereich, dazu z\u00e4hlen folgende Eingriffe:<\/p>\n<h3 class=\"western\">Extraktionen<\/h3>\n<p align=\"justify\">Wir als Zahn\u00e4rzte sind heute mehr denn je bem\u00fcht, die Z\u00e4hne des Patienten m\u00f6glichst lange zu erhalten. Um dieses Ziel zu erreichen, stehen uns vielf\u00e4ltige Behandlungsmethoden und moderne Werkstoffe zur Verf\u00fcgung. Dennoch kann es auch vorkommen, dass ein Zahn nicht mehr zu retten ist und gezogen werden muss.<\/p>\n<h3 class=\"western\">Operativen Entfernungen von Z\u00e4hnen, Weisheitsz\u00e4hnen oder Wurzelresten<\/h3>\n<p align=\"justify\">In vielen F\u00e4llen sind die Platzverh\u00e4ltnisse f\u00fcr die Weisheitsz\u00e4hne nicht ausreichend. Das kann bei nur teilweise durchgebrochenen Weisheitsz\u00e4hnen zu unangenehmen Entz\u00fcndungen f\u00fchren. Ein weiteres Risiko stellt eine Verschiebung der restlichen Z\u00e4hne durch einen Wachstumsimpuls der Weisheitsz\u00e4hne dar. Daher empfiehlt sich in vielen F\u00e4llen die fr\u00fchzeitige Entfernung der Weisheitszahnkeime.<\/p>\n<h3 class=\"western\">Wurzelspitzenresektionen<\/h3>\n<p align=\"justify\">Die Wurzelspitzenresektion ist ein Standardoperationsverfahren zur chirurgischen Zahnerhaltung. Durch das Abtragen der Wurzelspitze, der Entfernung des entz\u00fcndlich ver\u00e4nderten Gewebes und dem bakteriendichten Abschluss des Wurzelkanals sollen Infektionen beseitigt werden, um den Zahn zu erhalten. Eine wichtige Voraussetzung ist, dass der Zahn erhaltungsw\u00fcrdig ist, das hei\u00dft, nach der Operation durch eine F\u00fcllung oder \u00dcberkronung bleibend versorgt werden kann.<\/p>\n<h3>Plastische Zahnfleischchirurgie \u2013 Rezessionsdeckung<\/h3>\n<p align=\"justify\">Die Gr\u00fcnde f\u00fcr einen Zahnfleischr\u00fcckgang k\u00f6nnen vielf\u00e4ltig sein. Neben der klassischen Parodontitis kann auch eine \u00dcberbelastung, falsch ansetzende B\u00e4nder oder ein traumatisches Putzverhalten daran schuld sein. Je nach Ursache kann eine Operation am Zahnfleisch diesen R\u00fcckgang ganz oder teilweise korrigieren und Ihren Z\u00e4hnen wieder ein jugendlicheres Aussehen verleihen.<\/p>\n<h3>Knochenerhaltende Therapie nach Zahnentfernung<\/h3>\n<p align=\"justify\">Ist eine Zahnextraktion unvermeidlich stellt sich die Frage, wie die entstehende L\u00fccke verschlossen werden soll. F\u00e4llt die Wahl auf ein Zahnimplantat ist es entscheidend den unvermeidlichen Knochenabbau nach der Zahnextraktion zu reduzieren und wenn m\u00f6glich ganz zu vermeiden. Durch die Anwendung moderner Biomaterialien kann so das kn\u00f6cherne Lager bis zur geplanten Implatatinsertion erhalten werden.<\/p>\n<h3 class=\"western\">M\u00f6gliche Folgen nach zahn\u00e4rztlichen chirurgischen Eingriffen<\/h3>\n<p align=\"justify\">Die nicht immer vermeidbaren Folgen nach operativen Eingriffen im Kiefer und Gesichtsbereich (z. B. Schwellung, Bluterguss, Schmerzen, Behinderung der Mund\u00f6ffnung) k\u00f6nnen von Ihnen durch Beachtung folgender Hinweise gemildert werden:<\/p>\n<ul>\n<li>K\u00fchlen Sie das Operationsgebiet am Tag und am folgenden Tag der OP von au\u00dfen (z. B. Eisbeutel, nasskalter Waschlappen)<\/li>\n<li>Mundpflege: Vermeiden Sie am OP-Tag Mundsp\u00fclungen (Nachblutungsgefahr!). Am folgenden Tag k\u00f6nnen Sie jedoch wieder eine normale Zahnpflege durchf\u00fchren und den Mund vorsichtig mit einer L\u00f6sung (Kamillosan, Salviathymol, Chlorhexamed) behandeln<\/li>\n<li>K\u00f6rperliche Anstrengungen und sportliche Bet\u00e4tigung mindestens 3 Tage unterlassen. Nikotin, Alkohol, Kaffe, schwarzen Tee bitte meiden, da die Wunde nachbluten k\u00f6nnte und die Wundheilung gest\u00f6rt w\u00e4re<\/li>\n<li>Nachblutungen: Bei kleineren Nachblutungen sollten Sie sich ein frisches Taschentuch auf den Wundbereich legen und fest zubei\u00dfen. Bei st\u00e4rkeren Nachblutungen oder wenn Sie etwas im Heilverlauf beunruhigt, wenden Sie sich bitte umgehend an uns oder \u2013 au\u00dferhalb unserer \u00d6ffnungszeiten \u2013 an den zahn\u00e4rztlichen Notdienst.<\/li>\n<\/ul>\n<\/div>\n<\/div><\/div><\/div><div id=\"panel-88-0-0-1\" class=\"so-panel widget widget_media_video panel-last-child\" data-index=\"1\" ><div class=\"orion mobile-text-center tablets-text-center default panel-widget-style panel-widget-style-for-88-0-0-1\" ><div style=\"width:100%;\" class=\"wp-video\"><video class=\"wp-video-shortcode\" id=\"video-88-1\" preload=\"metadata\" controls=\"controls\"><source type=\"video\/youtube\" src=\"https:\/\/www.youtube.com\/watch?v=zSks_Q9oYWI&#038;_=1\" \/><a href=\"https:\/\/www.youtube.com\/watch?v=zSks_Q9oYWI\">https:\/\/www.youtube.com\/watch?v=zSks_Q9oYWI<\/a><\/video><\/div><\/div><\/div><\/div><\/div><\/div><\/div>","protected":false},"excerpt":{"rendered":"<p>Zahn\u00e4rztliche Chirurgie Die zahn\u00e4rztliche Chirurgie umfasst die operativen Eingriffe im zahn\u00e4rztlichen Bereich, dazu z\u00e4hlen folgende Eingriffe: Extraktionen Wir als Zahn\u00e4rzte sind heute mehr denn je bem\u00fcht, die Z\u00e4hne des Patienten m\u00f6glichst lange zu erhalten. Um dieses Ziel zu erreichen, stehen uns vielf\u00e4ltige Behandlungsmethoden und moderne Werkstoffe zur Verf\u00fcgung. Dennoch kann es auch vorkommen, dass ein<\/p>\n","protected":false},"author":1,"featured_media":0,"parent":73,"menu_order":0,"comment_status":"closed","ping_status":"closed","template":"","meta":{"footnotes":""},"class_list":["post-88","page","type-page","status-publish","hentry"],"_links":{"self":[{"href":"https:\/\/zahnarzt-neukloster.de\/index.php?rest_route=\/wp\/v2\/pages\/88","targetHints":{"allow":["GET"]}}],"collection":[{"href":"https:\/\/zahnarzt-neukloster.de\/index.php?rest_route=\/wp\/v2\/pages"}],"about":[{"href":"https:\/\/zahnarzt-neukloster.de\/index.php?rest_route=\/wp\/v2\/types\/page"}],"author":[{"embeddable":true,"href":"https:\/\/zahnarzt-neukloster.de\/index.php?rest_route=\/wp\/v2\/users\/1"}],"replies":[{"embeddable":true,"href":"https:\/\/zahnarzt-neukloster.de\/index.php?rest_route=%2Fwp%2Fv2%2Fcomments&post=88"}],"version-history":[{"count":4,"href":"https:\/\/zahnarzt-neukloster.de\/index.php?rest_route=\/wp\/v2\/pages\/88\/revisions"}],"predecessor-version":[{"id":131,"href":"https:\/\/zahnarzt-neukloster.de\/index.php?rest_route=\/wp\/v2\/pages\/88\/revisions\/131"}],"up":[{"embeddable":true,"href":"https:\/\/zahnarzt-neukloster.de\/index.php?rest_route=\/wp\/v2\/pages\/73"}],"wp:attachment":[{"href":"https:\/\/zahnarzt-neukloster.de\/index.php?rest_route=%2Fwp%2Fv2%2Fmedia&parent=88"}],"curies":[{"name":"wp","href":"https:\/\/api.w.org\/{rel}","templated":true}]}}