{"id":123,"date":"2019-05-04T21:03:05","date_gmt":"2019-05-04T21:03:05","guid":{"rendered":"https:\/\/zahnarzt-neukloster.de\/?page_id=123"},"modified":"2019-05-04T21:03:05","modified_gmt":"2019-05-04T21:03:05","slug":"zahnersatz","status":"publish","type":"page","link":"https:\/\/zahnarzt-neukloster.de\/?page_id=123","title":{"rendered":"Zahnersatz"},"content":{"rendered":"<div id=\"pl-123\"  class=\"panel-layout\" ><div id=\"pg-123-0\"  class=\"panel-grid panel-has-style\" ><div class=\"divider-no-animation panel-row-style panel-row-style-for-123-0\" ><div id=\"pgc-123-0-0\"  class=\"panel-grid-cell\" ><div id=\"panel-123-0-0-0\" class=\"so-panel widget widget_sow-editor panel-first-child\" data-index=\"0\" ><div class=\"orion panel-widget-style panel-widget-style-for-123-0-0-0\" ><div\n\t\t\t\n\t\t\tclass=\"so-widget-sow-editor so-widget-sow-editor-base\"\n\t\t\t\n\t\t>\n<div class=\"siteorigin-widget-tinymce textwidget\">\n\t<h2>Kronen, Br\u00fccken und Prothesen<\/h2>\n<p align=\"justify\">Guter Zahnersatz sollte heute unsichtbar und f\u00fcr den Laien nicht zu erkennen sein. Das sichert hohe Lebensqualit\u00e4t, denn so muss sich niemand mit un\u00e4sthetischem Zahnersatz verstecken oder gar auf vertraute Essgewohnheiten verzichten. Zahnersatz verstehen wir deshalb als ganz diskreten Sachverhalt, den wir individuell mit jedem Patienten planen.<\/p>\n<h3>Die Krone als Zahnersatz<\/h3>\n<p align=\"justify\">Eine neue Krone f\u00fcr Ihren Zahn kommt dann zum Einsatz, wenn der Zahn mittels einer einfachen F\u00fcllung nicht mehr rekonstruierbar ist. Eine k\u00fcnstliche Krone kann den Zahn teilweise oder ganz umschlie\u00dfen. Nach einem Abdruck wird in der Zahntechnik am Modell eine k\u00fcnstliche Zahnkrone f\u00fcr Ihren pers\u00f6nlichen Zahnersatz angefertigt. Dazu stehen verschiedene Werkstoffe zur Verf\u00fcgung. Im Seitenzahnbereich bietet eine Metallkrone die Basisversorgung. Mit einer Verblendkrone wird \u2013 im Vergleich zur Metallkrone \u2013 der Metallkern der Krone zus\u00e4tzlich mit zahnfarbener Keramik verblendet. Zahnfarbene Vollkeramikkronen eignen sich f\u00fcr Zahnkronen, die eher im sichtbaren Zahnbereich angebracht werden.<\/p>\n<h3>Br\u00fccken schlie\u00dfen Zahnl\u00fccken<\/h3>\n<p><img loading=\"lazy\" decoding=\"async\" class=\"size-medium wp-image-124 alignright\" src=\"https:\/\/zahnarzt-neukloster.de\/wp-content\/uploads\/2019\/05\/Br\u00fccke-300x200.jpg\" alt=\"\" width=\"300\" height=\"200\" srcset=\"https:\/\/zahnarzt-neukloster.de\/wp-content\/uploads\/2019\/05\/Br\u00fccke-300x200.jpg 300w, https:\/\/zahnarzt-neukloster.de\/wp-content\/uploads\/2019\/05\/Br\u00fccke-272x182.jpg 272w, https:\/\/zahnarzt-neukloster.de\/wp-content\/uploads\/2019\/05\/Br\u00fccke.jpg 424w\" sizes=\"auto, (max-width: 300px) 100vw, 300px\" \/><\/p>\n<p align=\"justify\">Bei einem oder mehreren fehlenden Z\u00e4hnen kann die L\u00fccke bei vorhandenen Ankerz\u00e4hnen mit einer Br\u00fccke wieder geschlossen werden. Die Nachbarz\u00e4hne der L\u00fccke werden entsprechend beschliffen, um die Kronen zu tragen. Die Br\u00fccke wird fest auf die Ankerz\u00e4hne aufgeklebt. Ben\u00f6tigen Sie Zahnersatz f\u00fcr mehr als drei Z\u00e4hne ist die Br\u00fccke meist nicht mehr stabil genug und Zahnimplantate oder Zahnprothesen kommen als Alternative in Frage.<\/p>\n<h3>Teil- oder Vollprothesen<\/h3>\n<p align=\"justify\">Teilprothesen finden Verwendung, wenn mehrere Z\u00e4hne nebeneinander fehlen, es f\u00fcr eine Br\u00fccke keine notwendige Verankerungsm\u00f6glichkeit gibt, ein Zahnimplantat auch keine Behandlungsm\u00f6glichkeit darstellt oder eine L\u00fccke provisorisch geschlossen werden soll. Die Teilprothese h\u00e4lt mit Klammern aus Metall an den benachbarten Restz\u00e4hnen. Alternativ kann die Teilprothese durch aufwendigere Befestigungselemente an den Restz\u00e4hnen befestigt werden. Diese bieten besseren Halt und lassen sich gut verstecken.<\/p>\n<p align=\"justify\">Sind im Ober- oder Unterkiefer keine Z\u00e4hne mehr vorhanden, kann eine Vollprothese die Kaufunktion, Aussprache und auch \u00c4sthetik wieder herstellen.<\/p>\n<h3>Zahntechnik aus der Region<\/h3>\n<p align=\"justify\">Wir lassen jeden Zahnersatz, ob Zahnkrone, Br\u00fccke oder Prothesen in zahntechnischen Meisterlaboren aus der Region herstellen. Moderne Materialien wie hochwertige Keramiken und ma\u00dfgeschneiderte Zahnersatz-L\u00f6sungen \u201emade in Germany\u201c stehen dabei im Vordergrund. Durch die Zusammenarbeit mit dem Zahntechniker vor Ort bietet sich stets die M\u00f6glichkeit zum unmittelbaren Austauch. Auf diese Weise finden wir mit Ihnen gemeinsam die optimale L\u00f6sung.<\/p>\n<p>Unsere Partner f\u00fcr die Herstellung von Zahnersatz sind:<\/p>\n<p><a href=\"http:\/\/www.rodent-guestrow.de\/\" target=\"_blank\" rel=\"noopener\">Dentallabor G\u00fcstrow GmbH<\/a><br \/>Speicherstra\u00dfe 8 | 18273 G\u00fcstrow<\/p>\n<p>SABEGO Zahntechnik GmbH<br \/>Dorfstr. 26 | 18233\u00a0<span class=\"st-treffer-ort\">Am Salzhaff, Rakow<\/span><\/p>\n<\/div>\n<\/div><\/div><\/div><div id=\"panel-123-0-0-1\" class=\"so-panel widget widget_media_video panel-last-child\" data-index=\"1\" ><div class=\"orion mobile-text-center tablets-text-center default panel-widget-style panel-widget-style-for-123-0-0-1\" ><div style=\"width:100%;\" class=\"wp-video\"><video class=\"wp-video-shortcode\" id=\"video-123-1\" preload=\"metadata\" controls=\"controls\"><source type=\"video\/youtube\" src=\"https:\/\/www.youtube.com\/watch?time_continue=82&#038;v=V-zQ9w2dEM8&#038;_=1\" \/><a href=\"https:\/\/www.youtube.com\/watch?time_continue=82&#038;v=V-zQ9w2dEM8\">https:\/\/www.youtube.com\/watch?time_continue=82&#038;v=V-zQ9w2dEM8<\/a><\/video><\/div><\/div><\/div><\/div><\/div><\/div><\/div>","protected":false},"excerpt":{"rendered":"<p>Kronen, Br\u00fccken und ProthesenGuter Zahnersatz sollte heute unsichtbar und f\u00fcr den Laien nicht zu erkennen sein. Das sichert hohe Lebensqualit\u00e4t, denn so muss sich niemand mit un\u00e4sthetischem Zahnersatz verstecken oder gar auf vertraute Essgewohnheiten verzichten. Zahnersatz verstehen wir deshalb als ganz diskreten Sachverhalt, den wir individuell mit jedem Patienten planen.Die Krone als ZahnersatzEine neue Krone<\/p>\n","protected":false},"author":1,"featured_media":0,"parent":73,"menu_order":0,"comment_status":"closed","ping_status":"closed","template":"","meta":{"footnotes":""},"class_list":["post-123","page","type-page","status-publish","hentry"],"_links":{"self":[{"href":"https:\/\/zahnarzt-neukloster.de\/index.php?rest_route=\/wp\/v2\/pages\/123","targetHints":{"allow":["GET"]}}],"collection":[{"href":"https:\/\/zahnarzt-neukloster.de\/index.php?rest_route=\/wp\/v2\/pages"}],"about":[{"href":"https:\/\/zahnarzt-neukloster.de\/index.php?rest_route=\/wp\/v2\/types\/page"}],"author":[{"embeddable":true,"href":"https:\/\/zahnarzt-neukloster.de\/index.php?rest_route=\/wp\/v2\/users\/1"}],"replies":[{"embeddable":true,"href":"https:\/\/zahnarzt-neukloster.de\/index.php?rest_route=%2Fwp%2Fv2%2Fcomments&post=123"}],"version-history":[{"count":4,"href":"https:\/\/zahnarzt-neukloster.de\/index.php?rest_route=\/wp\/v2\/pages\/123\/revisions"}],"predecessor-version":[{"id":128,"href":"https:\/\/zahnarzt-neukloster.de\/index.php?rest_route=\/wp\/v2\/pages\/123\/revisions\/128"}],"up":[{"embeddable":true,"href":"https:\/\/zahnarzt-neukloster.de\/index.php?rest_route=\/wp\/v2\/pages\/73"}],"wp:attachment":[{"href":"https:\/\/zahnarzt-neukloster.de\/index.php?rest_route=%2Fwp%2Fv2%2Fmedia&parent=123"}],"curies":[{"name":"wp","href":"https:\/\/api.w.org\/{rel}","templated":true}]}}