{"id":117,"date":"2019-05-04T20:54:23","date_gmt":"2019-05-04T20:54:23","guid":{"rendered":"https:\/\/zahnarzt-neukloster.de\/?page_id=117"},"modified":"2021-04-05T12:34:21","modified_gmt":"2021-04-05T12:34:21","slug":"prophylaxe","status":"publish","type":"page","link":"https:\/\/zahnarzt-neukloster.de\/?page_id=117","title":{"rendered":"Prophylaxe"},"content":{"rendered":"<div id=\"pl-117\"  class=\"panel-layout\" ><div id=\"pg-117-0\"  class=\"panel-grid panel-has-style\" ><div class=\"divider-no-animation panel-row-style panel-row-style-for-117-0\" ><div id=\"pgc-117-0-0\"  class=\"panel-grid-cell\" ><div id=\"panel-117-0-0-0\" class=\"so-panel widget widget_sow-editor panel-first-child panel-last-child\" data-index=\"0\" ><div class=\"orion custom default panel-widget-style panel-widget-style-for-117-0-0-0\" ><div\n\t\t\t\n\t\t\tclass=\"so-widget-sow-editor so-widget-sow-editor-base\"\n\t\t\t\n\t\t>\n<div class=\"siteorigin-widget-tinymce textwidget\">\n\t<h3>Saubere Z\u00e4hne \u2013 Die Vorsorge senkt das Erkrankungsrisiko und steigert Wohlbefinden und Kosmetik<\/h3>\n<p align=\"justify\">Die Vorbeugung von Zahn-, Mund- und Kieferkrankheiten nennt man Prophylaxe. Diese ist die professionelle Hilfe aus der zahn\u00e4rztlichen Praxis f\u00fcr Ihre Z\u00e4hne und weit mehr als die Entfernung des Zahnstein.<\/p>\n<p><img loading=\"lazy\" decoding=\"async\" class=\"wp-image-157  alignright\" style=\"text-align: justify;\" src=\"https:\/\/zahnarzt-neukloster.de\/wp-content\/uploads\/2021\/04\/shutterstock_Prophylaxe-1024x677.jpg\" alt=\"\" width=\"549\" height=\"363\" srcset=\"https:\/\/zahnarzt-neukloster.de\/wp-content\/uploads\/2021\/04\/shutterstock_Prophylaxe-1024x677.jpg 1024w, https:\/\/zahnarzt-neukloster.de\/wp-content\/uploads\/2021\/04\/shutterstock_Prophylaxe-300x198.jpg 300w, https:\/\/zahnarzt-neukloster.de\/wp-content\/uploads\/2021\/04\/shutterstock_Prophylaxe-768x508.jpg 768w, https:\/\/zahnarzt-neukloster.de\/wp-content\/uploads\/2021\/04\/shutterstock_Prophylaxe-1536x1016.jpg 1536w, https:\/\/zahnarzt-neukloster.de\/wp-content\/uploads\/2021\/04\/shutterstock_Prophylaxe-2048x1355.jpg 2048w, https:\/\/zahnarzt-neukloster.de\/wp-content\/uploads\/2021\/04\/shutterstock_Prophylaxe-750x496.jpg 750w\" sizes=\"auto, (max-width: 549px) 100vw, 549px\" \/><\/p>\n<p align=\"justify\">Im Prophylaxeprogramm werden individuell abgestimmte, regelm\u00e4\u00dfige, Ma\u00dfnahmen ergriffen um Ihre Gesundheit zu erhalten. Dabei werden die notwendigen Behandlungsschritte individuell auf die Bed\u00fcrfnisse des Einzelnen ausgerichtet.<\/p>\n<p align=\"justify\">Ihre Dentalhygiene ist bei den f\u00fcr zahnmedizinische Prophylaxe speziell qualifizierten Fachassistentinnen unserer Praxis, in professionellen H\u00e4nden.<\/p>\n<p align=\"justify\">Die professonelle Zahnreinigung tr\u00e4gt nicht nur zur besseren \u00c4sthetik und pers\u00f6nlichem Wohlbefinden bei, sie hilft langfristig Karies und Parodontitis zu verhindern oder weitgehend einzud\u00e4mmen.<\/p>\n<\/div>\n<\/div><\/div><\/div><\/div><\/div><\/div><div id=\"pg-117-1\"  class=\"panel-grid panel-has-style\" ><div class=\"divider-no-animation tablet-default mobile-1-in-row desktop-default panel-row-style panel-row-style-for-117-1\" ><div id=\"pgc-117-1-0\"  class=\"panel-grid-cell panel-grid-cell-empty panel-grid-cell-mobile-last\" ><\/div><div id=\"pgc-117-1-1\"  class=\"panel-grid-cell panel-grid-cell-empty\" ><\/div><\/div><\/div><\/div>","protected":false},"excerpt":{"rendered":"<p>Saubere Z\u00e4hne \u2013 Die Vorsorge senkt das Erkrankungsrisiko und steigert Wohlbefinden und Kosmetik Die Vorbeugung von Zahn-, Mund- und Kieferkrankheiten nennt man Prophylaxe. Diese ist die professionelle Hilfe aus der zahn\u00e4rztlichen Praxis f\u00fcr Ihre Z\u00e4hne und weit mehr als die Entfernung des Zahnstein. Im Prophylaxeprogramm werden individuell abgestimmte, regelm\u00e4\u00dfige, Ma\u00dfnahmen ergriffen um Ihre Gesundheit zu<\/p>\n","protected":false},"author":1,"featured_media":0,"parent":73,"menu_order":0,"comment_status":"closed","ping_status":"closed","template":"","meta":{"footnotes":""},"class_list":["post-117","page","type-page","status-publish","hentry"],"_links":{"self":[{"href":"https:\/\/zahnarzt-neukloster.de\/index.php?rest_route=\/wp\/v2\/pages\/117","targetHints":{"allow":["GET"]}}],"collection":[{"href":"https:\/\/zahnarzt-neukloster.de\/index.php?rest_route=\/wp\/v2\/pages"}],"about":[{"href":"https:\/\/zahnarzt-neukloster.de\/index.php?rest_route=\/wp\/v2\/types\/page"}],"author":[{"embeddable":true,"href":"https:\/\/zahnarzt-neukloster.de\/index.php?rest_route=\/wp\/v2\/users\/1"}],"replies":[{"embeddable":true,"href":"https:\/\/zahnarzt-neukloster.de\/index.php?rest_route=%2Fwp%2Fv2%2Fcomments&post=117"}],"version-history":[{"count":6,"href":"https:\/\/zahnarzt-neukloster.de\/index.php?rest_route=\/wp\/v2\/pages\/117\/revisions"}],"predecessor-version":[{"id":158,"href":"https:\/\/zahnarzt-neukloster.de\/index.php?rest_route=\/wp\/v2\/pages\/117\/revisions\/158"}],"up":[{"embeddable":true,"href":"https:\/\/zahnarzt-neukloster.de\/index.php?rest_route=\/wp\/v2\/pages\/73"}],"wp:attachment":[{"href":"https:\/\/zahnarzt-neukloster.de\/index.php?rest_route=%2Fwp%2Fv2%2Fmedia&parent=117"}],"curies":[{"name":"wp","href":"https:\/\/api.w.org\/{rel}","templated":true}]}}